{"id":1724,"date":"2024-07-11T07:11:20","date_gmt":"2024-07-11T12:11:20","guid":{"rendered":"http:\/\/comite-civico.org\/?page_id=1724"},"modified":"2024-10-21T13:30:08","modified_gmt":"2024-10-21T18:30:08","slug":"fonbuenaventura","status":"publish","type":"page","link":"https:\/\/comite-civico.org\/?page_id=1724","title":{"rendered":"Fonbuenaventura"},"content":{"rendered":"\t\t<div data-elementor-type=\"wp-page\" data-elementor-id=\"1724\" class=\"elementor elementor-1724\" data-elementor-post-type=\"page\">\n\t\t\t\t\t\t<section data-particle_enable=\"false\" data-particle-mobile-disabled=\"false\" data-dce-background-color=\"#7C5414\" data-dce-background-image-url=\"http:\/\/comite-civico.org\/wp-content\/uploads\/2023\/11\/BVTURA-1.jpg\" class=\"elementor-section elementor-top-section elementor-element elementor-element-2e3e7d1 elementor-section-full_width elementor-section-height-min-height elementor-section-height-default elementor-section-items-middle\" data-id=\"2e3e7d1\" data-element_type=\"section\" data-settings=\"{&quot;jet_parallax_layout_list&quot;:[],&quot;background_background&quot;:&quot;classic&quot;}\">\n\t\t\t\t\t\t\t<div class=\"elementor-background-overlay\"><\/div>\n\t\t\t\t\t\t\t<div class=\"elementor-container elementor-column-gap-no\">\n\t\t\t\t\t<div class=\"elementor-column elementor-col-100 elementor-top-column elementor-element elementor-element-1cdfa0d\" data-id=\"1cdfa0d\" data-element_type=\"column\">\n\t\t\t<div class=\"elementor-widget-wrap elementor-element-populated\">\n\t\t\t\t\t\t<div class=\"elementor-element elementor-element-4cddf3f elementor-widget__width-initial dce_masking-none elementor-widget elementor-widget-image\" data-id=\"4cddf3f\" data-element_type=\"widget\" data-widget_type=\"image.default\">\n\t\t\t\t<div class=\"elementor-widget-container\">\n\t\t\t\t\t\t\t\t\t\t\t\t\t\t\t<img fetchpriority=\"high\" decoding=\"async\" width=\"1024\" height=\"535\" src=\"https:\/\/comite-civico.org\/wp-content\/uploads\/2024\/10\/FonBuenaventura-3@4x-1024x535.png\" class=\"attachment-large size-large wp-image-2069\" alt=\"\" srcset=\"https:\/\/comite-civico.org\/wp-content\/uploads\/2024\/10\/FonBuenaventura-3@4x-1024x535.png 1024w, https:\/\/comite-civico.org\/wp-content\/uploads\/2024\/10\/FonBuenaventura-3@4x-300x157.png 300w, https:\/\/comite-civico.org\/wp-content\/uploads\/2024\/10\/FonBuenaventura-3@4x-768x402.png 768w, https:\/\/comite-civico.org\/wp-content\/uploads\/2024\/10\/FonBuenaventura-3@4x-1536x803.png 1536w, https:\/\/comite-civico.org\/wp-content\/uploads\/2024\/10\/FonBuenaventura-3@4x-2048x1071.png 2048w\" sizes=\"(max-width: 1024px) 100vw, 1024px\" \/>\t\t\t\t\t\t\t\t\t\t\t\t\t\t\t<\/div>\n\t\t\t\t<\/div>\n\t\t\t\t\t<\/div>\n\t\t<\/div>\n\t\t\t\t\t<\/div>\n\t\t<\/section>\n\t\t\t\t<section data-particle_enable=\"false\" data-particle-mobile-disabled=\"false\" class=\"elementor-section elementor-top-section elementor-element elementor-element-b6ba186 elementor-section-full_width elementor-section-height-default elementor-section-height-default\" data-id=\"b6ba186\" data-element_type=\"section\" data-settings=\"{&quot;jet_parallax_layout_list&quot;:[],&quot;background_background&quot;:&quot;classic&quot;}\">\n\t\t\t\t\t\t<div class=\"elementor-container elementor-column-gap-no\">\n\t\t\t\t\t<div class=\"elementor-column elementor-col-100 elementor-top-column elementor-element elementor-element-15577f6\" data-id=\"15577f6\" data-element_type=\"column\">\n\t\t\t<div class=\"elementor-widget-wrap\">\n\t\t\t\t\t\t\t<\/div>\n\t\t<\/div>\n\t\t\t\t\t<\/div>\n\t\t<\/section>\n\t\t\t\t<section data-particle_enable=\"false\" data-particle-mobile-disabled=\"false\" class=\"elementor-section elementor-top-section elementor-element elementor-element-c5d46ce elementor-section-boxed elementor-section-height-default elementor-section-height-default\" data-id=\"c5d46ce\" data-element_type=\"section\" data-settings=\"{&quot;jet_parallax_layout_list&quot;:[]}\">\n\t\t\t\t\t\t<div class=\"elementor-container elementor-column-gap-default\">\n\t\t\t\t\t<div class=\"elementor-column elementor-col-100 elementor-top-column elementor-element elementor-element-6072355\" data-id=\"6072355\" data-element_type=\"column\">\n\t\t\t<div class=\"elementor-widget-wrap elementor-element-populated\">\n\t\t\t\t\t\t<div class=\"elementor-element elementor-element-b953dd2 elementor-widget__width-initial elementor-widget elementor-widget-text-editor\" data-id=\"b953dd2\" data-element_type=\"widget\" data-widget_type=\"text-editor.default\">\n\t\t\t\t<div class=\"elementor-widget-container\">\n\t\t\t\t\t\t\t\t\t<p><br><\/p>\n<p><br><\/p>\n<p>El Fondo para el Desarrollo Integral del Distrito Especial de Buenaventura (FONBUENAVENTURA) tendr\u00e1 por objeto promover el desarrollo integral del Distrito de Buenaventura, a trav\u00e9s de la financiaci\u00f3n o la inversi\u00f3n en proyectos que atiendan las necesidades m\u00e1s urgentes del Distrito y, principalmente, la financiaci\u00f3n de un Plan Especial de Desarrollo Integral, con inversiones a 10 a\u00f1os, orientadas a convertir al Distrito Especial en un territorio en el que se garanticen plenamente condiciones de bienestar y progreso en materia social, econ\u00f3mica, institucional y ambiental para sus pobladores urbanos y rurales. En desarrollo de su objeto, el Fondo:<\/p><ol><li>Deber\u00e1 financiar o invertir en los planes y proyectos que deban desarrollarse con cargo a los recursos del Fondo, seg\u00fan la pol\u00edtica aprobada por la Junta Administradora del Fondo.<\/li><li>Podr\u00e1 celebrar contratos y\/o convenios con entidades del Estado, organismos multilaterales y particulares a trav\u00e9s de la entidad fiduciaria, de conformidad con las leyes y reglamentos de contrataci\u00f3n aplicables. La Junta Administradora del Fondo establecer\u00e1 los l\u00edmites a la contrataci\u00f3n, los montos m\u00e1ximos y dem\u00e1s requisitos que deban aplicarse en materia contractual, seg\u00fan sea el caso.<\/li><li>Podr\u00e1 gestionar recursos ante diferentes fuentes del orden nacional, regional, departamental o distrital, e internacional, en los sectores p\u00fablico y privado, para la financiaci\u00f3n y\/o inversi\u00f3n en programas, proyectos e iniciativas que promuevan el desarrollo integral del distrito.<\/li><li>Deber\u00e1 administrar los recursos que hagan parte de su patrimonio.<\/li><li>Deber\u00e1 establecer el reglamento operativo para la ejecuci\u00f3n de proyectos, teniendo en cuenta los principios de transparencia, celeridad, publicidad y participaci\u00f3n.<\/li><li>Deber\u00e1 crear las subcuentas que se requieran para el desarrollo de su objeto.<\/li><li>Las dem\u00e1s que le sean asignadas por la Junta Administradora o por el Gobierno nacional, enmarcadas dentro de su objeto legal.<\/li><\/ol>\t\t\t\t\t\t\t\t<\/div>\n\t\t\t\t<\/div>\n\t\t\t\t\t<\/div>\n\t\t<\/div>\n\t\t\t\t\t<\/div>\n\t\t<\/section>\n\t\t\t\t<section data-particle_enable=\"false\" data-particle-mobile-disabled=\"false\" class=\"elementor-section elementor-top-section elementor-element elementor-element-f5900c5 elementor-section-boxed elementor-section-height-default elementor-section-height-default\" data-id=\"f5900c5\" data-element_type=\"section\" data-settings=\"{&quot;jet_parallax_layout_list&quot;:[]}\">\n\t\t\t\t\t\t<div class=\"elementor-container elementor-column-gap-default\">\n\t\t\t\t\t<div class=\"elementor-column elementor-col-100 elementor-top-column elementor-element elementor-element-b0b47f6\" data-id=\"b0b47f6\" data-element_type=\"column\">\n\t\t\t<div class=\"elementor-widget-wrap\">\n\t\t\t\t\t\t\t<\/div>\n\t\t<\/div>\n\t\t\t\t\t<\/div>\n\t\t<\/section>\n\t\t\t\t<\/div>\n\t\t","protected":false},"excerpt":{"rendered":"<p>El Fondo para el Desarrollo Integral del Distrito Especial de Buenaventura (FONBUENAVENTURA) tendr\u00e1 por objeto promover el desarrollo integral del Distrito de Buenaventura, a trav\u00e9s de la financiaci\u00f3n o la inversi\u00f3n en proyectos que atiendan las necesidades m\u00e1s urgentes del Distrito y, principalmente, la financiaci\u00f3n de un Plan Especial de Desarrollo Integral, con inversiones a &#8230; <a title=\"Fonbuenaventura\" class=\"read-more\" href=\"https:\/\/comite-civico.org\/?page_id=1724\" aria-label=\"Read more about Fonbuenaventura\">Leer m\u00e1s<\/a><\/p>\n","protected":false},"author":1,"featured_media":0,"parent":0,"menu_order":0,"comment_status":"closed","ping_status":"closed","template":"elementor_header_footer","meta":{"footnotes":""},"class_list":["post-1724","page","type-page","status-publish"],"acf":[],"yoast_head":"<!-- This site is optimized with the Yoast SEO plugin v25.0 - https:\/\/yoast.com\/wordpress\/plugins\/seo\/ -->\n<title>Fonbuenaventura - Movimiento Social Paro C\u00edvico de Buenaventura<\/title>\n<meta name=\"robots\" content=\"index, follow, max-snippet:-1, max-image-preview:large, max-video-preview:-1\" \/>\n<link rel=\"canonical\" href=\"https:\/\/comite-civico.org\/?page_id=1724\" \/>\n<meta property=\"og:locale\" content=\"es_ES\" \/>\n<meta property=\"og:type\" content=\"article\" \/>\n<meta property=\"og:title\" content=\"Fonbuenaventura - Movimiento Social Paro C\u00edvico de Buenaventura\" \/>\n<meta property=\"og:description\" content=\"El Fondo para el Desarrollo Integral del Distrito Especial de Buenaventura (FONBUENAVENTURA) tendr\u00e1 por objeto promover el desarrollo integral del Distrito de Buenaventura, a trav\u00e9s de la financiaci\u00f3n o la inversi\u00f3n en proyectos que atiendan las necesidades m\u00e1s urgentes del Distrito y, principalmente, la financiaci\u00f3n de un Plan Especial de Desarrollo Integral, con inversiones a ... Leer m\u00e1s\" \/>\n<meta property=\"og:url\" content=\"https:\/\/comite-civico.org\/?page_id=1724\" \/>\n<meta property=\"og:site_name\" content=\"Movimiento Social Paro C\u00edvico de Buenaventura\" \/>\n<meta property=\"article:modified_time\" content=\"2024-10-21T18:30:08+00:00\" \/>\n<meta property=\"og:image\" content=\"http:\/\/comite-civico.org\/wp-content\/uploads\/2024\/10\/FonBuenaventura-3@4x-1024x535.png\" \/>\n<meta name=\"twitter:card\" content=\"summary_large_image\" \/>\n<meta name=\"twitter:label1\" content=\"Tiempo de lectura\" \/>\n\t<meta name=\"twitter:data1\" content=\"2 minutos\" \/>\n<script type=\"application\/ld+json\" class=\"yoast-schema-graph\">{\"@context\":\"https:\/\/schema.org\",\"@graph\":[{\"@type\":\"WebPage\",\"@id\":\"https:\/\/comite-civico.org\/?page_id=1724\",\"url\":\"https:\/\/comite-civico.org\/?page_id=1724\",\"name\":\"Fonbuenaventura - Movimiento Social Paro C\u00edvico de Buenaventura\",\"isPartOf\":{\"@id\":\"https:\/\/comite-civico.org\/#website\"},\"primaryImageOfPage\":{\"@id\":\"https:\/\/comite-civico.org\/?page_id=1724#primaryimage\"},\"image\":{\"@id\":\"https:\/\/comite-civico.org\/?page_id=1724#primaryimage\"},\"thumbnailUrl\":\"http:\/\/comite-civico.org\/wp-content\/uploads\/2024\/10\/FonBuenaventura-3@4x-1024x535.png\",\"datePublished\":\"2024-07-11T12:11:20+00:00\",\"dateModified\":\"2024-10-21T18:30:08+00:00\",\"breadcrumb\":{\"@id\":\"https:\/\/comite-civico.org\/?page_id=1724#breadcrumb\"},\"inLanguage\":\"es-CO\",\"potentialAction\":[{\"@type\":\"ReadAction\",\"target\":[\"https:\/\/comite-civico.org\/?page_id=1724\"]}]},{\"@type\":\"ImageObject\",\"inLanguage\":\"es-CO\",\"@id\":\"https:\/\/comite-civico.org\/?page_id=1724#primaryimage\",\"url\":\"https:\/\/comite-civico.org\/wp-content\/uploads\/2024\/10\/FonBuenaventura-3@4x.png\",\"contentUrl\":\"https:\/\/comite-civico.org\/wp-content\/uploads\/2024\/10\/FonBuenaventura-3@4x.png\",\"width\":3249,\"height\":1699},{\"@type\":\"BreadcrumbList\",\"@id\":\"https:\/\/comite-civico.org\/?page_id=1724#breadcrumb\",\"itemListElement\":[{\"@type\":\"ListItem\",\"position\":1,\"name\":\"Inicio\",\"item\":\"https:\/\/comite-civico.org\/\"},{\"@type\":\"ListItem\",\"position\":2,\"name\":\"Fonbuenaventura\"}]},{\"@type\":\"WebSite\",\"@id\":\"https:\/\/comite-civico.org\/#website\",\"url\":\"https:\/\/comite-civico.org\/\",\"name\":\"Movimiento Social Paro C\u00edvico de Buenaventura\",\"description\":\"Movimiento Social Paro C\u00edvico de Buenaventura\",\"publisher\":{\"@id\":\"https:\/\/comite-civico.org\/#organization\"},\"potentialAction\":[{\"@type\":\"SearchAction\",\"target\":{\"@type\":\"EntryPoint\",\"urlTemplate\":\"https:\/\/comite-civico.org\/?s={search_term_string}\"},\"query-input\":{\"@type\":\"PropertyValueSpecification\",\"valueRequired\":true,\"valueName\":\"search_term_string\"}}],\"inLanguage\":\"es-CO\"},{\"@type\":\"Organization\",\"@id\":\"https:\/\/comite-civico.org\/#organization\",\"name\":\"Movimiento Social Paro C\u00edvico de Buenaventura\",\"url\":\"https:\/\/comite-civico.org\/\",\"logo\":{\"@type\":\"ImageObject\",\"inLanguage\":\"es-CO\",\"@id\":\"https:\/\/comite-civico.org\/#\/schema\/logo\/image\/\",\"url\":\"https:\/\/comite-civico.org\/wp-content\/uploads\/2021\/03\/Logo-de-Movimiento-Blanco-scaled.png\",\"contentUrl\":\"https:\/\/comite-civico.org\/wp-content\/uploads\/2021\/03\/Logo-de-Movimiento-Blanco-scaled.png\",\"width\":2560,\"height\":1810,\"caption\":\"Movimiento Social Paro C\u00edvico de Buenaventura\"},\"image\":{\"@id\":\"https:\/\/comite-civico.org\/#\/schema\/logo\/image\/\"}}]}<\/script>\n<!-- \/ Yoast SEO plugin. -->","yoast_head_json":{"title":"Fonbuenaventura - Movimiento Social Paro C\u00edvico de Buenaventura","robots":{"index":"index","follow":"follow","max-snippet":"max-snippet:-1","max-image-preview":"max-image-preview:large","max-video-preview":"max-video-preview:-1"},"canonical":"https:\/\/comite-civico.org\/?page_id=1724","og_locale":"es_ES","og_type":"article","og_title":"Fonbuenaventura - Movimiento Social Paro C\u00edvico de Buenaventura","og_description":"El Fondo para el Desarrollo Integral del Distrito Especial de Buenaventura (FONBUENAVENTURA) tendr\u00e1 por objeto promover el desarrollo integral del Distrito de Buenaventura, a trav\u00e9s de la financiaci\u00f3n o la inversi\u00f3n en proyectos que atiendan las necesidades m\u00e1s urgentes del Distrito y, principalmente, la financiaci\u00f3n de un Plan Especial de Desarrollo Integral, con inversiones a ... Leer m\u00e1s","og_url":"https:\/\/comite-civico.org\/?page_id=1724","og_site_name":"Movimiento Social Paro C\u00edvico de Buenaventura","article_modified_time":"2024-10-21T18:30:08+00:00","og_image":[{"url":"http:\/\/comite-civico.org\/wp-content\/uploads\/2024\/10\/FonBuenaventura-3@4x-1024x535.png","type":"","width":"","height":""}],"twitter_card":"summary_large_image","twitter_misc":{"Tiempo de lectura":"2 minutos"},"schema":{"@context":"https:\/\/schema.org","@graph":[{"@type":"WebPage","@id":"https:\/\/comite-civico.org\/?page_id=1724","url":"https:\/\/comite-civico.org\/?page_id=1724","name":"Fonbuenaventura - Movimiento Social Paro C\u00edvico de Buenaventura","isPartOf":{"@id":"https:\/\/comite-civico.org\/#website"},"primaryImageOfPage":{"@id":"https:\/\/comite-civico.org\/?page_id=1724#primaryimage"},"image":{"@id":"https:\/\/comite-civico.org\/?page_id=1724#primaryimage"},"thumbnailUrl":"http:\/\/comite-civico.org\/wp-content\/uploads\/2024\/10\/FonBuenaventura-3@4x-1024x535.png","datePublished":"2024-07-11T12:11:20+00:00","dateModified":"2024-10-21T18:30:08+00:00","breadcrumb":{"@id":"https:\/\/comite-civico.org\/?page_id=1724#breadcrumb"},"inLanguage":"es-CO","potentialAction":[{"@type":"ReadAction","target":["https:\/\/comite-civico.org\/?page_id=1724"]}]},{"@type":"ImageObject","inLanguage":"es-CO","@id":"https:\/\/comite-civico.org\/?page_id=1724#primaryimage","url":"https:\/\/comite-civico.org\/wp-content\/uploads\/2024\/10\/FonBuenaventura-3@4x.png","contentUrl":"https:\/\/comite-civico.org\/wp-content\/uploads\/2024\/10\/FonBuenaventura-3@4x.png","width":3249,"height":1699},{"@type":"BreadcrumbList","@id":"https:\/\/comite-civico.org\/?page_id=1724#breadcrumb","itemListElement":[{"@type":"ListItem","position":1,"name":"Inicio","item":"https:\/\/comite-civico.org\/"},{"@type":"ListItem","position":2,"name":"Fonbuenaventura"}]},{"@type":"WebSite","@id":"https:\/\/comite-civico.org\/#website","url":"https:\/\/comite-civico.org\/","name":"Movimiento Social Paro C\u00edvico de Buenaventura","description":"Movimiento Social Paro C\u00edvico de Buenaventura","publisher":{"@id":"https:\/\/comite-civico.org\/#organization"},"potentialAction":[{"@type":"SearchAction","target":{"@type":"EntryPoint","urlTemplate":"https:\/\/comite-civico.org\/?s={search_term_string}"},"query-input":{"@type":"PropertyValueSpecification","valueRequired":true,"valueName":"search_term_string"}}],"inLanguage":"es-CO"},{"@type":"Organization","@id":"https:\/\/comite-civico.org\/#organization","name":"Movimiento Social Paro C\u00edvico de Buenaventura","url":"https:\/\/comite-civico.org\/","logo":{"@type":"ImageObject","inLanguage":"es-CO","@id":"https:\/\/comite-civico.org\/#\/schema\/logo\/image\/","url":"https:\/\/comite-civico.org\/wp-content\/uploads\/2021\/03\/Logo-de-Movimiento-Blanco-scaled.png","contentUrl":"https:\/\/comite-civico.org\/wp-content\/uploads\/2021\/03\/Logo-de-Movimiento-Blanco-scaled.png","width":2560,"height":1810,"caption":"Movimiento Social Paro C\u00edvico de Buenaventura"},"image":{"@id":"https:\/\/comite-civico.org\/#\/schema\/logo\/image\/"}}]}},"_links":{"self":[{"href":"https:\/\/comite-civico.org\/index.php?rest_route=\/wp\/v2\/pages\/1724","targetHints":{"allow":["GET"]}}],"collection":[{"href":"https:\/\/comite-civico.org\/index.php?rest_route=\/wp\/v2\/pages"}],"about":[{"href":"https:\/\/comite-civico.org\/index.php?rest_route=\/wp\/v2\/types\/page"}],"author":[{"embeddable":true,"href":"https:\/\/comite-civico.org\/index.php?rest_route=\/wp\/v2\/users\/1"}],"replies":[{"embeddable":true,"href":"https:\/\/comite-civico.org\/index.php?rest_route=%2Fwp%2Fv2%2Fcomments&post=1724"}],"version-history":[{"count":22,"href":"https:\/\/comite-civico.org\/index.php?rest_route=\/wp\/v2\/pages\/1724\/revisions"}],"predecessor-version":[{"id":2092,"href":"https:\/\/comite-civico.org\/index.php?rest_route=\/wp\/v2\/pages\/1724\/revisions\/2092"}],"wp:attachment":[{"href":"https:\/\/comite-civico.org\/index.php?rest_route=%2Fwp%2Fv2%2Fmedia&parent=1724"}],"curies":[{"name":"wp","href":"https:\/\/api.w.org\/{rel}","templated":true}]}}