{"id":214,"date":"2021-03-01T04:34:29","date_gmt":"2021-03-01T09:34:29","guid":{"rendered":"https:\/\/tulbrand.com\/comitecivico\/?post_type=mesas&#038;p=214"},"modified":"2024-10-21T15:19:41","modified_gmt":"2024-10-21T20:19:41","slug":"territorio-vivienda-e-infraestructura","status":"publish","type":"mesas","link":"https:\/\/comite-civico.org\/?mesas=territorio-vivienda-e-infraestructura","title":{"rendered":"TERRITORIO, VIVIENDA E INFRAESTRUCTURA"},"content":{"rendered":"\t\t<div data-elementor-type=\"wp-post\" data-elementor-id=\"214\" class=\"elementor elementor-214\" data-elementor-post-type=\"mesas\">\n\t\t\t\t\t\t<section data-particle_enable=\"false\" data-particle-mobile-disabled=\"false\" class=\"elementor-section elementor-top-section elementor-element elementor-element-234d9cb4 elementor-section-boxed elementor-section-height-default elementor-section-height-default\" data-id=\"234d9cb4\" data-element_type=\"section\" data-settings=\"{&quot;jet_parallax_layout_list&quot;:[]}\">\n\t\t\t\t\t\t<div class=\"elementor-container elementor-column-gap-default\">\n\t\t\t\t\t<div class=\"elementor-column elementor-col-100 elementor-top-column elementor-element elementor-element-27a63eb9\" data-id=\"27a63eb9\" data-element_type=\"column\">\n\t\t\t<div class=\"elementor-widget-wrap elementor-element-populated\">\n\t\t\t\t\t\t<div class=\"elementor-element elementor-element-5387808b elementor-widget elementor-widget-text-editor\" data-id=\"5387808b\" data-element_type=\"widget\" data-widget_type=\"text-editor.default\">\n\t\t\t\t<div class=\"elementor-widget-container\">\n\t\t\t\t\t\t\t\t\t\n<p>Es una de las instancias de gobernanza conformada por delegados del Estado colombiano y el pueblo bonaverense organizado, a trav\u00e9s del Movimiento Social Paro C\u00edvico, acompa\u00f1ados por garantes y el equipo t\u00e9cnico de FonBuenaventura. En esta mesa se concerta c\u00f3mo se cumplen los acuerdos y se toman decisiones conjuntas de pol\u00edticas p\u00fablicas, planes, programas, proyectos y presupuestos sobre ordenamiento y administraci\u00f3n del territorio; vivienda y h\u00e1bitat; movilidad, infraestructura y seguridad vial; clarificaci\u00f3n jur\u00eddica del territorio; y consultas previas y Ley 70 de 1993. Igualmente, se realiza el seguimiento y control al proceso de cumplimiento de cada acuerdo.<\/p>\n\t\t\t\t\t\t\t\t<\/div>\n\t\t\t\t<\/div>\n\t\t\t\t\t<\/div>\n\t\t<\/div>\n\t\t\t\t\t<\/div>\n\t\t<\/section>\n\t\t\t\t<\/div>\n\t\t","protected":false},"featured_media":1189,"template":"","class_list":["post-214","mesas","type-mesas","status-publish","has-post-thumbnail","hentry"],"acf":[],"yoast_head":"<!-- This site is optimized with the Yoast SEO plugin v25.0 - https:\/\/yoast.com\/wordpress\/plugins\/seo\/ -->\n<title>TERRITORIO, VIVIENDA E INFRAESTRUCTURA - Movimiento Social Paro C\u00edvico de Buenaventura<\/title>\n<meta name=\"robots\" content=\"index, follow, max-snippet:-1, max-image-preview:large, max-video-preview:-1\" \/>\n<link rel=\"canonical\" href=\"https:\/\/comite-civico.org\/?mesas=territorio-vivienda-e-infraestructura\" \/>\n<meta property=\"og:locale\" content=\"es_ES\" \/>\n<meta property=\"og:type\" content=\"article\" \/>\n<meta property=\"og:title\" content=\"TERRITORIO, VIVIENDA E INFRAESTRUCTURA - Movimiento Social Paro C\u00edvico de Buenaventura\" \/>\n<meta property=\"og:description\" content=\"Es una de las instancias de gobernanza conformada por delegados del Estado colombiano y el pueblo bonaverense organizado, a trav\u00e9s del Movimiento Social Paro C\u00edvico, acompa\u00f1ados por garantes y el equipo t\u00e9cnico de FonBuenaventura. En esta mesa se concerta c\u00f3mo se cumplen los acuerdos y se toman decisiones conjuntas de pol\u00edticas p\u00fablicas, planes, programas, proyectos ... Leer m\u00e1s\" \/>\n<meta property=\"og:url\" content=\"https:\/\/comite-civico.org\/?mesas=territorio-vivienda-e-infraestructura\" \/>\n<meta property=\"og:site_name\" content=\"Movimiento Social Paro C\u00edvico de Buenaventura\" \/>\n<meta property=\"article:modified_time\" content=\"2024-10-21T20:19:41+00:00\" \/>\n<meta property=\"og:image\" content=\"https:\/\/comite-civico.org\/wp-content\/uploads\/2021\/03\/TERRITORIO-VIVIENDA-E-INFRAESTRUCTURA.png\" \/>\n\t<meta property=\"og:image:width\" content=\"1920\" \/>\n\t<meta property=\"og:image:height\" content=\"400\" \/>\n\t<meta property=\"og:image:type\" content=\"image\/png\" \/>\n<meta name=\"twitter:card\" content=\"summary_large_image\" \/>\n<meta name=\"twitter:label1\" content=\"Tiempo de lectura\" \/>\n\t<meta name=\"twitter:data1\" content=\"1 minuto\" \/>\n<script type=\"application\/ld+json\" class=\"yoast-schema-graph\">{\"@context\":\"https:\/\/schema.org\",\"@graph\":[{\"@type\":\"WebPage\",\"@id\":\"https:\/\/comite-civico.org\/?mesas=territorio-vivienda-e-infraestructura\",\"url\":\"https:\/\/comite-civico.org\/?mesas=territorio-vivienda-e-infraestructura\",\"name\":\"TERRITORIO, VIVIENDA E INFRAESTRUCTURA - Movimiento Social Paro C\u00edvico de Buenaventura\",\"isPartOf\":{\"@id\":\"https:\/\/comite-civico.org\/#website\"},\"primaryImageOfPage\":{\"@id\":\"https:\/\/comite-civico.org\/?mesas=territorio-vivienda-e-infraestructura#primaryimage\"},\"image\":{\"@id\":\"https:\/\/comite-civico.org\/?mesas=territorio-vivienda-e-infraestructura#primaryimage\"},\"thumbnailUrl\":\"https:\/\/comite-civico.org\/wp-content\/uploads\/2021\/03\/TERRITORIO-VIVIENDA-E-INFRAESTRUCTURA.png\",\"datePublished\":\"2021-03-01T09:34:29+00:00\",\"dateModified\":\"2024-10-21T20:19:41+00:00\",\"breadcrumb\":{\"@id\":\"https:\/\/comite-civico.org\/?mesas=territorio-vivienda-e-infraestructura#breadcrumb\"},\"inLanguage\":\"es-CO\",\"potentialAction\":[{\"@type\":\"ReadAction\",\"target\":[\"https:\/\/comite-civico.org\/?mesas=territorio-vivienda-e-infraestructura\"]}]},{\"@type\":\"ImageObject\",\"inLanguage\":\"es-CO\",\"@id\":\"https:\/\/comite-civico.org\/?mesas=territorio-vivienda-e-infraestructura#primaryimage\",\"url\":\"https:\/\/comite-civico.org\/wp-content\/uploads\/2021\/03\/TERRITORIO-VIVIENDA-E-INFRAESTRUCTURA.png\",\"contentUrl\":\"https:\/\/comite-civico.org\/wp-content\/uploads\/2021\/03\/TERRITORIO-VIVIENDA-E-INFRAESTRUCTURA.png\",\"width\":1920,\"height\":400},{\"@type\":\"BreadcrumbList\",\"@id\":\"https:\/\/comite-civico.org\/?mesas=territorio-vivienda-e-infraestructura#breadcrumb\",\"itemListElement\":[{\"@type\":\"ListItem\",\"position\":1,\"name\":\"Inicio\",\"item\":\"https:\/\/comite-civico.org\/\"},{\"@type\":\"ListItem\",\"position\":2,\"name\":\"TERRITORIO, VIVIENDA E INFRAESTRUCTURA\"}]},{\"@type\":\"WebSite\",\"@id\":\"https:\/\/comite-civico.org\/#website\",\"url\":\"https:\/\/comite-civico.org\/\",\"name\":\"Movimiento Social Paro C\u00edvico de Buenaventura\",\"description\":\"Movimiento Social Paro C\u00edvico de Buenaventura\",\"publisher\":{\"@id\":\"https:\/\/comite-civico.org\/#organization\"},\"potentialAction\":[{\"@type\":\"SearchAction\",\"target\":{\"@type\":\"EntryPoint\",\"urlTemplate\":\"https:\/\/comite-civico.org\/?s={search_term_string}\"},\"query-input\":{\"@type\":\"PropertyValueSpecification\",\"valueRequired\":true,\"valueName\":\"search_term_string\"}}],\"inLanguage\":\"es-CO\"},{\"@type\":\"Organization\",\"@id\":\"https:\/\/comite-civico.org\/#organization\",\"name\":\"Movimiento Social Paro C\u00edvico de Buenaventura\",\"url\":\"https:\/\/comite-civico.org\/\",\"logo\":{\"@type\":\"ImageObject\",\"inLanguage\":\"es-CO\",\"@id\":\"https:\/\/comite-civico.org\/#\/schema\/logo\/image\/\",\"url\":\"https:\/\/comite-civico.org\/wp-content\/uploads\/2021\/03\/Logo-de-Movimiento-Blanco-scaled.png\",\"contentUrl\":\"https:\/\/comite-civico.org\/wp-content\/uploads\/2021\/03\/Logo-de-Movimiento-Blanco-scaled.png\",\"width\":2560,\"height\":1810,\"caption\":\"Movimiento Social Paro C\u00edvico de Buenaventura\"},\"image\":{\"@id\":\"https:\/\/comite-civico.org\/#\/schema\/logo\/image\/\"}}]}<\/script>\n<!-- \/ Yoast SEO plugin. -->","yoast_head_json":{"title":"TERRITORIO, VIVIENDA E INFRAESTRUCTURA - Movimiento Social Paro C\u00edvico de Buenaventura","robots":{"index":"index","follow":"follow","max-snippet":"max-snippet:-1","max-image-preview":"max-image-preview:large","max-video-preview":"max-video-preview:-1"},"canonical":"https:\/\/comite-civico.org\/?mesas=territorio-vivienda-e-infraestructura","og_locale":"es_ES","og_type":"article","og_title":"TERRITORIO, VIVIENDA E INFRAESTRUCTURA - Movimiento Social Paro C\u00edvico de Buenaventura","og_description":"Es una de las instancias de gobernanza conformada por delegados del Estado colombiano y el pueblo bonaverense organizado, a trav\u00e9s del Movimiento Social Paro C\u00edvico, acompa\u00f1ados por garantes y el equipo t\u00e9cnico de FonBuenaventura. En esta mesa se concerta c\u00f3mo se cumplen los acuerdos y se toman decisiones conjuntas de pol\u00edticas p\u00fablicas, planes, programas, proyectos ... Leer m\u00e1s","og_url":"https:\/\/comite-civico.org\/?mesas=territorio-vivienda-e-infraestructura","og_site_name":"Movimiento Social Paro C\u00edvico de Buenaventura","article_modified_time":"2024-10-21T20:19:41+00:00","og_image":[{"width":1920,"height":400,"url":"https:\/\/comite-civico.org\/wp-content\/uploads\/2021\/03\/TERRITORIO-VIVIENDA-E-INFRAESTRUCTURA.png","type":"image\/png"}],"twitter_card":"summary_large_image","twitter_misc":{"Tiempo de lectura":"1 minuto"},"schema":{"@context":"https:\/\/schema.org","@graph":[{"@type":"WebPage","@id":"https:\/\/comite-civico.org\/?mesas=territorio-vivienda-e-infraestructura","url":"https:\/\/comite-civico.org\/?mesas=territorio-vivienda-e-infraestructura","name":"TERRITORIO, VIVIENDA E INFRAESTRUCTURA - Movimiento Social Paro C\u00edvico de Buenaventura","isPartOf":{"@id":"https:\/\/comite-civico.org\/#website"},"primaryImageOfPage":{"@id":"https:\/\/comite-civico.org\/?mesas=territorio-vivienda-e-infraestructura#primaryimage"},"image":{"@id":"https:\/\/comite-civico.org\/?mesas=territorio-vivienda-e-infraestructura#primaryimage"},"thumbnailUrl":"https:\/\/comite-civico.org\/wp-content\/uploads\/2021\/03\/TERRITORIO-VIVIENDA-E-INFRAESTRUCTURA.png","datePublished":"2021-03-01T09:34:29+00:00","dateModified":"2024-10-21T20:19:41+00:00","breadcrumb":{"@id":"https:\/\/comite-civico.org\/?mesas=territorio-vivienda-e-infraestructura#breadcrumb"},"inLanguage":"es-CO","potentialAction":[{"@type":"ReadAction","target":["https:\/\/comite-civico.org\/?mesas=territorio-vivienda-e-infraestructura"]}]},{"@type":"ImageObject","inLanguage":"es-CO","@id":"https:\/\/comite-civico.org\/?mesas=territorio-vivienda-e-infraestructura#primaryimage","url":"https:\/\/comite-civico.org\/wp-content\/uploads\/2021\/03\/TERRITORIO-VIVIENDA-E-INFRAESTRUCTURA.png","contentUrl":"https:\/\/comite-civico.org\/wp-content\/uploads\/2021\/03\/TERRITORIO-VIVIENDA-E-INFRAESTRUCTURA.png","width":1920,"height":400},{"@type":"BreadcrumbList","@id":"https:\/\/comite-civico.org\/?mesas=territorio-vivienda-e-infraestructura#breadcrumb","itemListElement":[{"@type":"ListItem","position":1,"name":"Inicio","item":"https:\/\/comite-civico.org\/"},{"@type":"ListItem","position":2,"name":"TERRITORIO, VIVIENDA E INFRAESTRUCTURA"}]},{"@type":"WebSite","@id":"https:\/\/comite-civico.org\/#website","url":"https:\/\/comite-civico.org\/","name":"Movimiento Social Paro C\u00edvico de Buenaventura","description":"Movimiento Social Paro C\u00edvico de Buenaventura","publisher":{"@id":"https:\/\/comite-civico.org\/#organization"},"potentialAction":[{"@type":"SearchAction","target":{"@type":"EntryPoint","urlTemplate":"https:\/\/comite-civico.org\/?s={search_term_string}"},"query-input":{"@type":"PropertyValueSpecification","valueRequired":true,"valueName":"search_term_string"}}],"inLanguage":"es-CO"},{"@type":"Organization","@id":"https:\/\/comite-civico.org\/#organization","name":"Movimiento Social Paro C\u00edvico de Buenaventura","url":"https:\/\/comite-civico.org\/","logo":{"@type":"ImageObject","inLanguage":"es-CO","@id":"https:\/\/comite-civico.org\/#\/schema\/logo\/image\/","url":"https:\/\/comite-civico.org\/wp-content\/uploads\/2021\/03\/Logo-de-Movimiento-Blanco-scaled.png","contentUrl":"https:\/\/comite-civico.org\/wp-content\/uploads\/2021\/03\/Logo-de-Movimiento-Blanco-scaled.png","width":2560,"height":1810,"caption":"Movimiento Social Paro C\u00edvico de Buenaventura"},"image":{"@id":"https:\/\/comite-civico.org\/#\/schema\/logo\/image\/"}}]}},"_links":{"self":[{"href":"https:\/\/comite-civico.org\/index.php?rest_route=\/wp\/v2\/mesas\/214","targetHints":{"allow":["GET"]}}],"collection":[{"href":"https:\/\/comite-civico.org\/index.php?rest_route=\/wp\/v2\/mesas"}],"about":[{"href":"https:\/\/comite-civico.org\/index.php?rest_route=\/wp\/v2\/types\/mesas"}],"version-history":[{"count":8,"href":"https:\/\/comite-civico.org\/index.php?rest_route=\/wp\/v2\/mesas\/214\/revisions"}],"predecessor-version":[{"id":2119,"href":"https:\/\/comite-civico.org\/index.php?rest_route=\/wp\/v2\/mesas\/214\/revisions\/2119"}],"wp:featuredmedia":[{"embeddable":true,"href":"https:\/\/comite-civico.org\/index.php?rest_route=\/wp\/v2\/media\/1189"}],"wp:attachment":[{"href":"https:\/\/comite-civico.org\/index.php?rest_route=%2Fwp%2Fv2%2Fmedia&parent=214"}],"curies":[{"name":"wp","href":"https:\/\/api.w.org\/{rel}","templated":true}]}}

<div data-elementor-type="wp-post" data-elementor-id="214" class="elementor elementor-214" data-elementor-post-type="mesas">
						<section data-particle_enable="false" data-particle-mobile-disabled="false" class="elementor-section elementor-top-section elementor-element elementor-element-234d9cb4 elementor-section-boxed elementor-section-height-default elementor-section-height-default" data-id="234d9cb4" data-element_type="section" data-settings="{&quot;jet_parallax_layout_list&quot;:[]}">
						<div class="elementor-container elementor-column-gap-default">
					<div class="elementor-column elementor-col-100 elementor-top-column elementor-element elementor-element-27a63eb9" data-id="27a63eb9" data-element_type="column">
			<div class="elementor-widget-wrap elementor-element-populated">
						<div class="elementor-element elementor-element-5387808b elementor-widget elementor-widget-text-editor" data-id="5387808b" data-element_type="widget" data-widget_type="text-editor.default">
				<div class="elementor-widget-container">
									
<p>Es una de las instancias de gobernanza conformada por delegados del Estado colombiano y el pueblo bonaverense organizado, a través del Movimiento Social Paro Cívico, acompañados por garantes y el equipo técnico de FonBuenaventura. En esta mesa se concerta cómo se cumplen los acuerdos y se toman decisiones conjuntas de políticas públicas, planes, programas, proyectos y presupuestos sobre ordenamiento y administración del territorio; vivienda y hábitat; movilidad, infraestructura y seguridad vial; clarificación jurídica del territorio; y consultas previas y Ley 70 de 1993. Igualmente, se realiza el seguimiento y control al proceso de cumplimiento de cada acuerdo.</p>
								</div>
				</div>
					</div>
		</div>
					</div>
		</section>
				</div>

<!-- This site is optimized with the Yoast SEO plugin v25.0 - https://yoast.com/wordpress/plugins/seo/ -->
<title>TERRITORIO, VIVIENDA E INFRAESTRUCTURA - Movimiento Social Paro Cívico de Buenaventura</title>
<meta name="robots" content="index, follow, max-snippet:-1, max-image-preview:large, max-video-preview:-1" />
<link rel="canonical" href="https://comite-civico.org/?mesas=territorio-vivienda-e-infraestructura" />
<meta property="og:locale" content="es_ES" />
<meta property="og:type" content="article" />
<meta property="og:title" content="TERRITORIO, VIVIENDA E INFRAESTRUCTURA - Movimiento Social Paro Cívico de Buenaventura" />
<meta property="og:description" content="Es una de las instancias de gobernanza conformada por delegados del Estado colombiano y el pueblo bonaverense organizado, a través del Movimiento Social Paro Cívico, acompañados por garantes y el equipo técnico de FonBuenaventura. En esta mesa se concerta cómo se cumplen los acuerdos y se toman decisiones conjuntas de políticas públicas, planes, programas, proyectos ... Leer más" />
<meta property="og:url" content="https://comite-civico.org/?mesas=territorio-vivienda-e-infraestructura" />
<meta property="og:site_name" content="Movimiento Social Paro Cívico de Buenaventura" />
<meta property="article:modified_time" content="2024-10-21T20:19:41+00:00" />
<meta property="og:image" content="https://comite-civico.org/wp-content/uploads/2021/03/TERRITORIO-VIVIENDA-E-INFRAESTRUCTURA.png" />
	<meta property="og:image:width" content="1920" />
	<meta property="og:image:height" content="400" />
	<meta property="og:image:type" content="image/png" />
<meta name="twitter:card" content="summary_large_image" />
<meta name="twitter:label1" content="Tiempo de lectura" />
	<meta name="twitter:data1" content="1 minuto" />
<script type="application/ld+json" class="yoast-schema-graph">{"@context":"https://schema.org","@graph":[{"@type":"WebPage","@id":"https://comite-civico.org/?mesas=territorio-vivienda-e-infraestructura","url":"https://comite-civico.org/?mesas=territorio-vivienda-e-infraestructura","name":"TERRITORIO, VIVIENDA E INFRAESTRUCTURA - Movimiento Social Paro Cívico de Buenaventura","isPartOf":{"@id":"https://comite-civico.org/#website"},"primaryImageOfPage":{"@id":"https://comite-civico.org/?mesas=territorio-vivienda-e-infraestructura#primaryimage"},"image":{"@id":"https://comite-civico.org/?mesas=territorio-vivienda-e-infraestructura#primaryimage"},"thumbnailUrl":"https://comite-civico.org/wp-content/uploads/2021/03/TERRITORIO-VIVIENDA-E-INFRAESTRUCTURA.png","datePublished":"2021-03-01T09:34:29+00:00","dateModified":"2024-10-21T20:19:41+00:00","breadcrumb":{"@id":"https://comite-civico.org/?mesas=territorio-vivienda-e-infraestructura#breadcrumb"},"inLanguage":"es-CO","potentialAction":[{"@type":"ReadAction","target":["https://comite-civico.org/?mesas=territorio-vivienda-e-infraestructura"]}]},{"@type":"ImageObject","inLanguage":"es-CO","@id":"https://comite-civico.org/?mesas=territorio-vivienda-e-infraestructura#primaryimage","url":"https://comite-civico.org/wp-content/uploads/2021/03/TERRITORIO-VIVIENDA-E-INFRAESTRUCTURA.png","contentUrl":"https://comite-civico.org/wp-content/uploads/2021/03/TERRITORIO-VIVIENDA-E-INFRAESTRUCTURA.png","width":1920,"height":400},{"@type":"BreadcrumbList","@id":"https://comite-civico.org/?mesas=territorio-vivienda-e-infraestructura#breadcrumb","itemListElement":[{"@type":"ListItem","position":1,"name":"Inicio","item":"https://comite-civico.org/"},{"@type":"ListItem","position":2,"name":"TERRITORIO, VIVIENDA E INFRAESTRUCTURA"}]},{"@type":"WebSite","@id":"https://comite-civico.org/#website","url":"https://comite-civico.org/","name":"Movimiento Social Paro Cívico de Buenaventura","description":"Movimiento Social Paro Cívico de Buenaventura","publisher":{"@id":"https://comite-civico.org/#organization"},"potentialAction":[{"@type":"SearchAction","target":{"@type":"EntryPoint","urlTemplate":"https://comite-civico.org/?s={search_term_string}"},"query-input":{"@type":"PropertyValueSpecification","valueRequired":true,"valueName":"search_term_string"}}],"inLanguage":"es-CO"},{"@type":"Organization","@id":"https://comite-civico.org/#organization","name":"Movimiento Social Paro Cívico de Buenaventura","url":"https://comite-civico.org/","logo":{"@type":"ImageObject","inLanguage":"es-CO","@id":"https://comite-civico.org/#/schema/logo/image/","url":"https://comite-civico.org/wp-content/uploads/2021/03/Logo-de-Movimiento-Blanco-scaled.png","contentUrl":"https://comite-civico.org/wp-content/uploads/2021/03/Logo-de-Movimiento-Blanco-scaled.png","width":2560,"height":1810,"caption":"Movimiento Social Paro Cívico de Buenaventura"},"image":{"@id":"https://comite-civico.org/#/schema/logo/image/"}}]}</script>
<!-- / Yoast SEO plugin. -->

TERRITORIO, VIVIENDA E INFRAESTRUCTURA - Movimiento Social Paro Cívico de Buenaventura

Es una de las instancias de gobernanza conformada por delegados del Estado colombiano y el pueblo bonaverense organizado, a través del Movimiento Social Paro Cívico, acompañados por garantes y el equipo técnico de FonBuenaventura. En esta mesa se concerta cómo se cumplen los acuerdos y se toman decisiones conjuntas de políticas públicas, planes, programas, proyectos ... Leer más

Movimiento Social Paro Cívico de Buenaventura
